4*v - 3. Let l be w(2). Suppose 3*z + 4*g - l = 0, -3*g = 5*z + 2*g - 100. Let j = z - 12. Calculate the remainder when 20 is divided by j.
9
Let m = 5 + -31. Let t be (m/4)/(9/(-324)). What is the remainder when 70 is divided by 15/25 - t/(-10)?
22
What is the remainder when (70/(-8) + 4)*-28 is divided by 34?
31
Let i = -29 + 41. Suppose 8*t - i*t = -88. What is the remainder when t is divided by 4?
2
Let n be (-24 - 0) + (1 - 2). Let s = -54 - n. Let h = -15 - s. Calculate the remainder when 26 is divided by h.
12
Let b(h) = h**3 - 6*h**2 - 8*h - 24. Calculate the remainder when 77 is divided by b(8).
37
Suppose -4*r = -5*w + 5, -1 + 2 = w + r. Let g = 8 - w. What is the remainder when 11 is divided by g?
4
Let r(p) = -2*p - 6. Let k be r(-10). Suppose 10 = 2*t - k. Calculate the remainder when 35 is divided by t.
11
Let l(a) = 2*a**2 - 8*a + 4. Let p be l(-6). Suppose 2*i - p = -0*i. What is the remainder when i is divided by 16?
14
Suppose -20 = -2*l + 3*s, s + 4*s = -l - 16. Suppose 0 = -2*z - 5*c - 13, 5*c - 5 = -3*z - 17. Calculate the remainder when l is divided by (0/z)/2 - -3.
1
Suppose -3*g + 28 = -41. What is the remainder when g is divided by 3*(-1 + 11/3)?
7
Suppose 8*u - 30 = -2*j + 3*u, -u = 5*j - 29. Suppose 38 = 4*l - x - 28, -l = -j*x - 7. Calculate the remainder when 150/(-4)*(-4)/3 is divided by l.
16
Suppose -3*n = -33 - 12. What is the remainder when (n + -16)/(1/(-51)) is divided by 18?
15
Let l(u) = 5*u - 2. Let i(g) = g + 7. Let b be i(-5). Calculate the remainder when 2/8*4 + 22 is divided by l(b).
7
Suppose 3*w + w - 56 = 2*m, 4*m - 64 = -3*w. Calculate the remainder when w is divided by 10.
6
Suppose -3*o = 3, -7*u + o + 61 = -3*u. What is the remainder when 59 is divided by u?
14
Let s = -1 + 4. Calculate the remainder when s/6*82 - 1 is divided by 14.
12
Suppose 0 = -5*c + 2*c + 60. What is the remainder when 38 is divided by c?
18
Suppose -8 = -y + 8. Calculate the remainder when 30 is divided by y.
14
Suppose 4*o - 22 = 3*t, 3*t - 5*o = -7 - 16. Let g(l) be the first derivative of -3*l**2/2 - 9*l + 33. What is the remainder when 33 is divided by g(t)?
6
Let k = 7 + 5. Suppose -2*v + 235 = 5*f - 7*v, 5*f - 225 = -5*v. What is the remainder when f is divided by k?
10
Let a(y) = -y**3 + 6*y**2 + 5*y - 15. Suppose 321 = 5*f + 106. Calculate the remainder when f is divided by a(6).
13
Suppose -5*r + 4*r = -75. What is the remainder when r is divided by 26?
23
Suppose 2 = b - 7. Let s = 4 - 0. Suppose 4*f - h = 105, 3*f - 5*h = -s*h + 79. Calculate the remainder when f is divided by b.
8
Let z(y) = 3*y + 11. Let g = 72 + -51. Calculate the remainder when g is divided by z(0).
10
Suppose -3*z - 135 = -3*x, -5*x + 5*z - 2*z + 231 = 0. Suppose 5 + 12 = d. Calculate the remainder when x is divided by d.
14
Let w = -35 - 5. Let i = w + 95. Calculate the remainder when i is divided by 28.
27
Suppose 0 = -3*v + 6*v - 138. Let s be 10/4 + 1/2. What is the remainder when v is divided by 15*1 - (-3)/s?
14
Let d(x) = 2*x**3 + 17*x**2 + 6*x - 5. Calculate the remainder when 42 is divided by d(-8).
9
Let u = 66 + -50. What is the remainder when 74 is divided by u?
10
Suppose -v - 8 = -2*l, -4*v - 1 = 2*l + 11. Calculate the remainder when 5 is divided by l.
1
Let m = 28 - 23. What is the remainder when 10 is divided by m?
0
Let p be -1 - 3/((-9)/3). Suppose 1 + p = c. Calculate the remainder when 3/5 - (-36)/15 is divided by c.
0
Calculate the remainder when 24 is divided by (13 + -10)*(-26)/(-6).
11
Let l = -74 - -126. What is the remainder when l is divided by 11?
8
Let m(r) = 3*r**3 + r**2 - 1. Let x be m(1). Suppose b + 5*s - 45 = 0, -4*b - x*s = b - 181. What is the remainder when b is divided by (1/(-1) - -1) + 12?
11
Suppose 2*r - r = 3. Suppose 4*a + r*o = 12, 7*a + o - 14 = 4*a. Suppose -a = -3*h + h, -v = -3*h - 3. Calculate the remainder when v is divided by 7.
5
Let a(k) = 13 + 0 + 6 - 6 + k. Calculate the remainder when 150/4 + (-3)/6 is divided by a(0).
11
Let u = -45 + 64. Suppose -5 - u = -4*c. Let x = -7 + 23. What is the remainder when x is divided by c?
4
Suppose -23*v + 15*v = -168. Calculate the remainder when v is divided by 4.
1
Suppose -12 = -4*l + 2*l. Suppose 0 = -2*d - f + 2*f + 9, d - 4*f = 22. What is the remainder when l is divided by d?
0
Let f(u) = 4*u**2 - 4*u + 1. What is the remainder when f(3) is divided by 9?
7
Calculate the remainder when 27 is divided by (1 + (-5)/2)/(3/(-28)).
13
Suppose 30 = 5*z - 3*i, -2*i - 1 = 5*z - 31. What is the remainder when 59 is divided by z?
5
Let w(k) = 2*k**3 - 15*k**2 + 14*k - 3. Let y(f) = -3*f + 1. What is the remainder when w(7) is divided by y(-5)?
14
Calculate the remainder when (-45)/6*-4 - (-4)/(-2) is divided by 15.
13
Let x = -520 - -872. Calculate the remainder when x is divided by 59.
57
Let a = 42 - 5. Let h be 4/22 + (-936)/66. Let l = a + h. Calculate the remainder when l is divided by 12.
11
What is the remainder when 163/7 - 36/126 is divided by 13?
10
Let q be (-1*4 - -2)*10. What is the remainder when 130*2/q*-4 is divided by 18?
16
Suppose 0*d - 3*d + 4*a - 131 = 0, -5*d = -5*a + 215. Let z = -1 - d. Let f(u) = u + 8. Calculate the remainder when z is divided by f(6).
12
Let j(s) be the second derivative of -s**3/3 + 6*s**2 - s. Calculate the remainder when 22 is divided by j(0).
10
Let u(c) = 7*c**2 + 3*c - 4. Let z = -6 - -3. Let q be (1/(-2))/(z/(-18)). What is the remainder when u(q) is divided by 17?
16
Suppose 6*k - 414 - 48 = 0. What is the remainder when k is divided by 20?
17
Suppose -k + 4 = -19. Suppose -f + k = -30. Let v = -15 + f. What is the remainder when v is divided by 20?
18
Let f(w) = -2*w**2 + 14. Suppose -2*g = -3*g. What is the remainder when f(g) is divided by 8?
6
What is the remainder when 65 is divided by (-361)/(-11) + 6/33?
32
Let o be ((-9)/(-3))/(3/4). Let j = -8 - -8. Let g = j + o. What is the remainder when 7 is divided by g?
3
Suppose 9 = t - 1. Calculate the remainder when 18 is divided by t.
8
Let z = 0 - -11. Suppose -b + 5 = 3. Suppose -b*o = a - 37 - 5, -105 = -5*o + 2*a. What is the remainder when o is divided by z?
10
Let v = 24 + -13. Suppose 3*c + 2*u = 46, 0 = -c + 4*u - 0*u + 20. Suppose -c = -6*q + 2*q. What is the remainder when v is divided by q?
3
Suppose -5*b + 6*b + 12 = 0. Calculate the remainder when 11 is divided by (12/(-8))/(3/b).
5
Suppose -3*y + 6*y - 9 = 3*q, 4*q = -5*y + 15. What is the remainder when 9 is divided by 3/(7/2 - y)?
3
Let a = 1 - -2. Let q = -2 + 5. Suppose b - 28 = -q*b. What is the remainder when b is divided by a?
1
Let s be (1 - 0)/3*12. Suppose 0 = -4*b + 5*y + 107, -2*y + 7*y = -5*b + 145. Suppose -b = -s*f - 0*f. What is the remainder when f is divided by 4?
3
Suppose 0 = o + 2*o + 33. Suppose 3*x = -a - 95 + 38, x - 5*a + 19 = 0. Let u = o - x. What is the remainder when 23 is divided by u?
7
Suppose 2*i = -0 - 4. Let c be 0/(i*(-2)/2). Suppose c = m - 7 - 10. What is the remainder when m is divided by 9?
8
Suppose 24 = 5*c - 1. Suppose 23*o + c = 24*o. Calculate the remainder when 12 is divided by o.
2
Let p = 0 + -7. Let z = p + 22. What is the remainder when 27 is divided by z?
12
Let b = 21 - 15. Suppose -3*v = -b - 9. Suppose v*r - 61 = -6. What is the remainder when 20 is divided by r?
9
Suppose h = -0 - 1. Calculate the remainder when h/2 + 78/12 is divided by 4.
2
Let l(n) = -n**3 + n**2 + n. Let f be l(2). Let h = -20 - -96. Calculate the remainder when f/(-2) + h/4 is divided by 7.
6
Suppose 103 = 5*l - 217. What is the remainder when l is divided by 13?
12
Suppose 2*n + 0*c + 46 = -3*c, 4*c = -8. Calculate the remainder when (52/(-10))/(2/n) is divided by 18.
16
Suppose 4*u + 6 = 46. What is the remainder when 18 is divided by u?
8
Suppose -7 = 3*k + 5. Let r = k - -8. Let s(o) = -o**2 + 6*o + 7. What is the remainder when s(6) is divided by r?
3
Suppose 0 = 2*g + s - 53, -5*g - 13 + 146 = 2*s. Let b be (1 - -1) + -7 + 9. Suppose -b*v + 5*v - 15 = 0. What is the remainder when g is divided by v?
12
Suppose 10 = -t + 6*t. Suppose 35 = -0*d + 5*d. Calculate the remainder when d is divided by t/2 + -1 + 3.
1
Suppose -8*w = -80 - 96. Calculate the remainder when 87 is divided by w.
21
Let s = 111 - 79. Calculate the remainder when s is divided by